Calculate the highest common divisor of 420 and 146895.
105
What is the highest common factor of 3712 and 656?
16
Calculate the greatest common factor of 40114 and 6944.
62
What is the highest common divisor of 2877 and 1099?
7
Calculate the highest common divisor of 34451 and 611.
47
Calculate the greatest common factor of 595 and 57800.
85
Calculate the greatest common divisor of 9525 and 3429.
381
What is the greatest common divisor of 34 and 112999?
17
Calculate the greatest common divisor of 96 and 766592.
32
Calculate the greatest common factor of 156148 and 1236.
412
Calculate the highest common divisor of 8000 and 496.
16
Calculate the highest common factor of 243959 and 212.
53
Calculate the highest common factor of 1309 and 2261.
119
What is the greatest common factor of 5875 and 800?
25
What is the greatest common factor of 36 and 262116?
36
Calculate the greatest common factor of 41943 and 11.
11
Calculate the highest common divisor of 3341325 and 5980.
1495
What is the highest common factor of 1560 and 13380?
60
What is the greatest common factor of 33535 and 209?
19
What is the greatest common divisor of 362014 and 1268?
634
What is the greatest common divisor of 150568 and 7729?
59
What is the highest common factor of 25 and 73285?
5
What is the greatest common divisor of 529 and 1651538?
529
Calculate the greatest common factor of 432 and 74832.
48
What is the highest common factor of 55328 and 2964?
988
What is the highest common factor of 155 and 8215?
155
Calculate the greatest common divisor of 663336 and 83.
83
Calculate the greatest common divisor of 92 and 48599.
23
What is the highest common factor of 114 and 415302?
114
What is the highest common divisor of 890 and 266021?
89
What is the greatest common divisor of 74312 and 448?
56
Calculate the greatest common factor of 10293 and 517.
47
Calculate the highest common divisor of 2040 and 47226.
102
Calculate the greatest common divisor of 589 and 2201.
31
Calculate the greatest common factor of 234 and 842478.
78
Calculate the greatest common divisor of 15 and 74395.
5
What is the highest common divisor of 808 and 430664?
808
What is the highest common divisor of 59202 and 6369?
33
What is the highest common factor of 423000 and 4512?
1128
Calculate the greatest common divisor of 924 and 237006.
462
Calculate the highest common divisor of 667020 and 15.
15
Calculate the highest common divisor of 114983 and 22.
11
Calculate the greatest common factor of 178940 and 345.
115
Calculate the greatest common factor of 6424 and 1281296.
584
Calculate the greatest common divisor of 3266 and 5.
1
What is the greatest common divisor of 1234745 and 645?
215
Calculate the highest common divisor of 3688 and 2824.
8
Calculate the highest common factor of 377 and 3560388.
377
What is the greatest common factor of 9685 and 602407?
1937
Calculate the highest common factor of 1488 and 6288.
48
Calculate the greatest common factor of 68 and 15164.
68
Calculate the highest common divisor of 3686 and 221257.
97
Calculate the greatest common factor of 603053 and 146.
73
What is the highest common factor of 158676 and 336?
84
What is the greatest common divisor of 6416 and 640?
16
Calculate the greatest common divisor of 9138981 and 19.
19
What is the highest common divisor of 1284 and 8025?
321
Calculate the greatest common factor of 169814 and 394.
394
Calculate the highest common divisor of 2338546 and 14.
14
What is the highest common factor of 264851 and 67?
67
Calculate the greatest common factor of 1 and 75149.
1
Calculate the greatest common factor of 69303 and 39.
39
What is the greatest common divisor of 2241664 and 166?
166
Calculate the highest common factor of 149 and 286378.
149
Calculate the highest common divisor of 74583 and 18.
9
What is the greatest common divisor of 6 and 305814?
6
What is the greatest common factor of 547230 and 204?
102
What is the highest common factor of 14494 and 10?
2
Calculate the highest common factor of 1098 and 122.
122
What is the greatest common factor of 189 and 145746?
27
What is the highest common factor of 4453 and 40321?
61
Calculate the greatest common divisor of 408 and 92514.
102
What is the greatest common factor of 32 and 81888?
32
Calculate the greatest common factor of 58179 and 704913.
1353
What is the highest common factor of 537737 and 815?
163
Calculate the highest common factor of 111 and 19869.
111
What is the highest common divisor of 14814 and 72?
18
What is the greatest common factor of 8051 and 3007?
97
What is the greatest common divisor of 7938 and 476?
14
Calculate the greatest common divisor of 381570 and 3.
3
Calculate the greatest common divisor of 71 and 54599.
71
What is the highest common divisor of 15 and 863460?
15
Calculate the greatest common divisor of 315 and 58755.
15
Calculate the greatest common factor of 129880 and 2720.
680
What is the highest common factor of 30 and 459870?
30
Calculate the greatest common factor of 24 and 217896.
24
What is the highest common divisor of 17472 and 90363?
273
What is the greatest common divisor of 2940 and 795270?
1470
Calculate the highest common factor of 99 and 2220009.
33
Calculate the highest common divisor of 912176 and 752.
752
What is the highest common divisor of 49412 and 1980?
44
What is the greatest common factor of 21036 and 96?
12
What is the greatest common factor of 83324 and 592?
148
Calculate the highest common factor of 13098 and 814.
74
What is the highest common factor of 45 and 72465?
15
Calculate the greatest common factor of 4460 and 2140.
20
Calculate the highest common divisor of 18166173 and 537.
537
What is the greatest common divisor of 6283 and 8137?
103
Calculate the highest common divisor of 62952 and 11.
1
Calculate the highest common factor of 20 and 2790.
10
What is the greatest common factor of 64680 and 112420?
1540
What is the greatest common factor of 135774 and 1767?
57
What is the greatest common divisor of 1490918 and 13013?
1859
Calculate the highest common factor of 16781 and 1211.
173
What is the greatest common factor of 174 and 100514?
58
Calculate the greatest common divisor of 28 and 15760.
4
What is the greatest common factor of 1930 and 28280?
10
What is the highest common divisor of 1056 and 84832?
352
Calculate the greatest common factor of 329210 and 210.
70
Calculate the greatest common divisor of 14616 and 9009.
63
What is the greatest common divisor of 125005 and 1840?
115
What is the greatest common factor of 60381 and 27?
9
Calculate the greatest common divisor of 63515 and 35.
5
What is the greatest common divisor of 679005 and 191?
191
What is the greatest common factor of 148 and 40959?
37
Calculate the highest common divisor of 256960 and 32.
32
Calculate the greatest common factor of 170786 and 42.
14
What is the greatest common factor of 46596 and 384?
12
What is the highest common divisor of 47133 and 18?
9
Calculate the highest common divisor of 99345 and 222.
111
Calculate the greatest common divisor of 124043 and 2771.
163
Calculate the highest common divisor of 906 and 240.
6
Calculate the greatest common divisor of 533627 and 263.
263
What is the highest common factor of 5745 and 19830?
15
What is the greatest common divisor of 152 and 19532?
76
Calculate the highest common divisor of 3392 and 100382.
106
What is the greatest common divisor of 79768 and 2360?
472
Calculate the highest common divisor of 6463143 and 9.
9
What is the greatest common divisor of 662793 and 6?
3
Calculate the highest common divisor of 12 and 163287.
3
Calculate the greatest common factor of 291136 and 256.
64
Calculate the highest common divisor of 1290 and 465.
15
Calculate the highest common factor of 12 and 153747.
3
What is the highest common factor of 76 and 177726?
38
What is the greatest common factor of 129 and 3039541?
43
Calculate the greatest common factor of 34817 and 5661.
37
What is the highest common divisor of 267766 and 20?
2
What is the greatest common divisor of 40 and 3029020?
20
Calculate the greatest common factor of 106848 and 1197.
63
Calculate the highest common factor of 17120 and 8000.
160
Calculate the highest common factor of 640796 and 156.
52
Calculate the highest common divisor of 365 an